 when 16087 is divided by 35?
22
Calculate the remainder when 5458 is divided by 40.
18
What is the remainder when 54455 is divided by 12?
11
Calculate the remainder when 3967 is divided by 503.
446
What is the remainder when 60292 is divided by 30023?
246
Calculate the remainder when 132315 is divided by 49.
15
What is the remainder when 744266 is divided by 367?
357
Calculate the remainder when 44029 is divided by 57.
25
Calculate the remainder when 3295354 is divided by 1766.
1764
What is the remainder when 66465 is divided by 191?
188
What is the remainder when 33020 is divided by 16509?
2
Calculate the remainder when 1397174 is divided by 1979.
0
What is the remainder when 1632 is divided by 417?
381
Calculate the remainder when 11547 is divided by 77.
74
What is the remainder when 34979 is divided by 11659?
2
Calculate the remainder when 243450 is divided by 37.
27
What is the remainder when 415474 is divided by 54?
52
Calculate the remainder when 66163 is divided by 55.
53
What is the remainder when 10665 is divided by 3531?
72
What is the remainder when 15761 is divided by 79?
40
What is the remainder when 13495 is divided by 256?
183
What is the remainder when 382658 is divided by 95?
93
Calculate the remainder when 11942 is divided by 702.
8
Calculate the remainder when 251537 is divided by 390.
377
What is the remainder when 6090 is divided by 1015?
0
Calculate the remainder when 176367 is divided by 146.
145
What is the remainder when 46825 is divided by 129?
127
Calculate the remainder when 1304 is divided by 20.
4
What is the remainder when 206151 is divided by 584?
583
Calculate the remainder when 2086 is divided by 1729.
357
What is the remainder when 4677 is divided by 582?
21
Calculate the remainder when 15625 is divided by 77.
71
Calculate the remainder when 239470 is divided by 1545.
1540
What is the remainder when 4205 is divided by 77?
47
Calculate the remainder when 1360053 is divided by 170006.
5
Calculate the remainder when 9463 is divided by 988.
571
Calculate the remainder when 4082 is divided by 504.
50
Calculate the remainder when 7691 is divided by 515.
481
Calculate the remainder when 8872 is divided by 88.
72
What is the remainder when 2709903 is divided by 46?
43
Calculate the remainder when 23196 is divided by 155.
101
Calculate the remainder when 4483351 is divided by 49.
47
Calculate the remainder when 23707 is divided by 4.
3
What is the remainder when 5015 is divided by 1666?
17
Calculate the remainder when 492 is divided by 148.
48
What is the remainder when 132837 is divided by 2825?
62
Calculate the remainder when 3071 is divided by 1396.
279
Calculate the remainder when 614 is divided by 131.
90
Calculate the remainder when 2077 is divided by 840.
397
What is the remainder when 3924 is divided by 439?
412
Calculate the remainder when 15329 is divided by 1084.
153
What is the remainder when 582239 is divided by 584?
575
Calculate the remainder when 616 is divided by 23.
18
Calculate the remainder when 4325 is divided by 255.
245
What is the remainder when 1919 is divided by 305?
89
Calculate the remainder when 6475 is divided by 269.
19
What is the remainder when 313943 is divided by 39?
32
Calculate the remainder when 2761 is divided by 23.
1
What is the remainder when 18513 is divided by 18463?
50
Calculate the remainder when 1647 is divided by 1267.
380
Calculate the remainder when 39759 is divided by 641.
17
Calculate the remainder when 5413 is divided by 909.
868
What is the remainder when 17001 is divided by 2113?
97
Calculate the remainder when 6688 is divided by 6662.
26
What is the remainder when 25112 is divided by 292?
0
What is the remainder when 15917 is divided by 10?
7
Calculate the remainder when 16601 is divided by 9.
5
What is the remainder when 763 is divided by 160?
123
What is the remainder when 1998 is divided by 666?
0
Calculate the remainder when 733941 is divided by 701.
695
What is the remainder when 1762 is divided by 308?
222
What is the remainder when 75715 is divided by 578?
575
What is the remainder when 330 is divided by 161?
8
Calculate the remainder when 729 is divided by 164.
73
What is the remainder when 13972 is divided by 6985?
2
What is the remainder when 22678 is divided by 36?
34
Calculate the remainder when 7169 is divided by 140.
29
Calculate the remainder when 29750 is divided by 7432.
22
What is the remainder when 10191 is divided by 3049?
1044
Calculate the remainder when 315071 is divided by 39.
29
Calculate the remainder when 2968 is divided by 174.
10
Calculate the remainder when 306359 is divided by 54.
17
Calculate the remainder when 5575 is divided by 30.
25
What is the remainder when 4688 is divided by 28?
12
What is the remainder when 1213 is divided by 280?
93
Calculate the remainder when 7098 is divided by 504.
42
Calculate the remainder when 2997250 is divided by 36.
34
What is the remainder when 68161 is divided by 79?
63
Calculate the remainder when 1169 is divided by 504.
161
Calculate the remainder when 16568 is divided by 590.
48
What is the remainder when 8821 is divided by 8734?
87
What is the remainder when 11840 is divided by 139?
25
Calculate the remainder when 4572 is divided by 1485.
117
What is the remainder when 671 is divided by 348?
323
Calculate the remainder when 2819 is divided by 38.
7
What is the remainder when 30279 is divided by 30277?
2
Calculate the remainder when 1012 is divided by 130.
102
What is the remainder when 157 is divided by 107?
50
Calculate the remainder when 68246 is divided by 1632.
1334
Calculate the remainder when 26199 is divided by 14.
5
Calculate the remainder when 55565 is divided by 471.
458
Calculate the remainder when 45583 is divided by 262.
257
Calculate the remainder when 109737 is divided by 236.
233
Calculate the remainder when 38858 is divided by 1619.
2
What is the remainder when 4330 is divided by 564?
382
Calculate the remainder when 127947 is divided by 206.
21
Calculate the remainder when 7798 is divided by 963.
94
What is the remainder when 233702 is divided by 892?
890
Calculate the remainder when 37065 is divided by 101.
99
Calculate the remainder when 107 is divided by 41.
25
Calculate the remainder when 48425 is divided by 2688.
41
What is the remainder when 4657 is divided by 46?
11
What is the remainder when 5788 is divided by 1436?
44
What is the remainder when 1200 is divided by 101?
89
Calculate the remainder when 110 is divided by 15.
5
What is the remainder when 8275 is divided by 46?
41
What is the remainder when 28688 is divided by 9562?
2
Calculate the remainder when 536314 is divided by 12.
10
What is the remainder when 6603272 is divided by 20?
12
What is the remainder when 22655 is divided by 22639?
16
Calculate the remainder when 9425 is divided by 304.
1
What is the remainder when 13852 is divided by 295?
282
What is the remainder when 6371 is divided by 172?
7
Calculate the remainder when 36635 is divided by 4576.
27
Calculate the remainder when 272713 is divided by 109.
104
What is the remainder when 8315 is divided by 10?
5
What is the remainder when 264052 is divided by 62?
56
Calculate the remainder when 23227 is divided by 10.
7
What is the remainder when 244142 is divided by 21?
17
Calculate the remainder when 4696 is divided by 1534.
94
What is the remainder when 349064 is divided by 99?
89
What is the remainder when 278352 is divided by 105?
102
Calculate the remainder when 31543 is divided by 7852.
135
Calculate the remainder when 12045 is divided by 2688.
1293
What is the remainder when 7305 is divided by 26?
25
Calculate the remainder when 50859 is divided by 78.
3
What is the remainder when 2689 is divided by 299?
297
Calculate the remainder when 9064 is divided by 192.
40
Calculate the remainder when 216661 is divided by 468.
445
Calculate the remainder when 304920 is divided by 523.
11
What is the remainder when 111163 is divided by 352?
283
Calculate the remainder when 211022 is divided by 22.
20
Calculate the remainder when 33651 is divided by 648.
603
Calculate the remainder when 5532 is divided by 21.
9
Calculate the remainder when 7738 is divided by 254.
118
What is the remainder when 1401 is divided by 693?
15
What is the remainder when 180061